igit of 93591?
9
What is the thousands digit of 1860504?
0
What is the hundreds digit of 2286806?
8
What is the ten thousands digit of 10201798?
0
What is the units digit of 558850?
0
What is the millions digit of 5080384?
5
What is the hundred thousands digit of 368681?
3
What is the hundreds digit of 2211090?
0
What is the tens digit of 1456014?
1
What is the millions digit of 16353969?
6
What is the millions digit of 44982428?
4
What is the thousands digit of 533970?
3
What is the units digit of 2539270?
0
What is the millions digit of 33770935?
3
What is the hundreds digit of 803923?
9
What is the hundreds digit of 179983?
9
What is the hundred thousands digit of 295766?
2
What is the ten thousands digit of 5976647?
7
What is the tens digit of 184483?
8
What is the millions digit of 15143726?
5
What is the ten thousands digit of 1628197?
2
What is the ten thousands digit of 327895?
2
What is the millions digit of 2533971?
2
What is the tens digit of 5445629?
2
What is the tens digit of 4652714?
1
What is the units digit of 158523?
3
What is the units digit of 727301?
1
What is the hundred thousands digit of 866383?
8
What is the hundred thousands digit of 210147?
2
What is the hundred thousands digit of 4103648?
1
What is the millions digit of 18680012?
8
What is the hundred thousands digit of 173991?
1
What is the hundred thousands digit of 1662042?
6
What is the hundred thousands digit of 685916?
6
What is the hundred thousands digit of 129801?
1
What is the thousands digit of 15203?
5
What is the tens digit of 12684981?
8
What is the thousands digit of 2028884?
8
What is the units digit of 424705?
5
What is the hundreds digit of 215090?
0
What is the thousands digit of 718072?
8
What is the millions digit of 2232477?
2
What is the hundred thousands digit of 1716377?
7
What is the ten thousands digit of 1157997?
5
What is the thousands digit of 566870?
6
What is the units digit of 51598?
8
What is the ten thousands digit of 5512190?
1
What is the hundreds digit of 12225229?
2
What is the units digit of 82967?
7
What is the thousands digit of 141721?
1
What is the millions digit of 2130717?
2
What is the ten thousands digit of 33976?
3
What is the units digit of 66992?
2
What is the tens digit of 164449?
4
What is the ten thousands digit of 9850913?
5
What is the thousands digit of 7139802?
9
What is the ten thousands digit of 501221?
0
What is the hundreds digit of 198014?
0
What is the millions digit of 3346904?
3
What is the units digit of 10223024?
4
What is the ten thousands digit of 730755?
3
What is the hundreds digit of 13304036?
0
What is the units digit of 2103407?
7
What is the hundreds digit of 60019?
0
What is the millions digit of 15719163?
5
What is the hundreds digit of 312016?
0
What is the hundred thousands digit of 164972?
1
What is the tens digit of 6195194?
9
What is the hundreds digit of 22310561?
5
What is the tens digit of 159346?
4
What is the thousands digit of 10354071?
4
What is the tens digit of 1946508?
0
What is the tens digit of 352727?
2
What is the tens digit of 62349?
4
What is the tens digit of 65857?
5
What is the hundreds digit of 14151977?
9
What is the tens digit of 20540462?
6
What is the tens digit of 290500?
0
What is the hundreds digit of 587499?
4
What is the hundreds digit of 278987?
9
What is the thousands digit of 1219526?
9
What is the tens digit of 3193293?
9
What is the tens digit of 422072?
7
What is the hundreds digit of 2996553?
5
What is the units digit of 10689961?
1
What is the millions digit of 12611492?
2
What is the thousands digit of 22094985?
4
What is the thousands digit of 1641335?
1
What is the units digit of 1190179?
9
What is the ten thousands digit of 440486?
4
What is the millions digit of 4571108?
4
What is the hundred thousands digit of 9314445?
3
What is the hundred thousands digit of 275383?
2
What is the units digit of 9412240?
0
What is the tens digit of 251602?
0
What is the thousands digit of 511818?
1
What is the hundred thousands digit of 33431997?
4
What is the thousands digit of 2599?
2
What is the tens digit of 737149?
4
What is the tens digit of 2644114?
1
What is the tens digit of 445848?
4
What is the ten thousands digit of 1318756?
1
What is the ten thousands digit of 2290216?
9
What is the tens digit of 7677979?
7
What is the millions digit of 3465484?
3
What is the hundreds digit of 99543?
5
What is the millions digit of 1020629?
1
What is the units digit of 3759708?
8
What is the millions digit of 4159409?
4
What is the millions digit of 1528039?
1
What is the hundreds digit of 4907876?
8
What is the hundred thousands digit of 1094889?
0
What is the thousands digit of 25838010?
8
What is the ten thousands digit of 1202738?
0
What is the tens digit of 420613?
1
What is the hundred thousands digit of 23288210?
2
What is the hundreds digit of 227349?
3
What is the tens digit of 301226?
2
What is the units digit of 2130057?
7
What is the hundreds digit of 1784076?
0
What is the hundreds digit of 81617?
6
What is the ten thousands digit of 3577626?
7
What is the tens digit of 9578448?
4
What is the units digit of 534447?
7
What is the hundred thousands digit of 10623061?
6
What is the hundred thousands digit of 11654191?
6
What is the hundred thousands digit of 9485025?
4
What is the hundreds digit of 221517?
5
What is the tens digit of 213271?
7
What is the hundred thousands digit of 1614966?
6
What is the hundred thousands digit of 27162663?
1
What is the thousands digit of 218441?
8
What is the thousands digit of 2845014?
5
What is the millions digit of 3237802?
3
What is the thousands digit of 21004453?
4
What is the units digit of 3238053?
3
What is the ten thousands digit of 6132496?
3
What is the hundred thousands digit of 391399?
3
What is the hundred thousands digit of 3042938?
0
What is the hundred thousands digit of 310451?
3
What is the tens digit of 160955?
5
What is the tens digit of 868343?
4
What is the units digit of 11908887?
7
What is the tens digit of 94103?
0
What is the ten thousands digit of 9471004?
7
What is the tens digit of 1730582?
8
What is the tens digit of 2910123?
2
What is the ten thousands digit of 3177847?
7
What is the units digit of 742571?
1
What is the ten millions digit of 15851119?
1
What is the tens digit of 33530752?
5
What is the thousands digit of 933583?
3
What is the thousands digit of 842907?
2
What is the tens digit of 2174912?
1
What is the tens digit of 1043911?
1
What is the tens digit of 182787?
8
What is the hundreds digit of 5642263?
2
What is the millions digit of 17153147?
7
What is the tens digit of 468203?
0
What is the tens digit of 324734?
3
What is the ten thousands digit of 153741?
5
What is the units digit of 9201?
1
What is the units digit of 43260?
0
What is the thousands digit of 65002?
5
What is the millions digit of 1493917?
1
What is the ten thousands digit of 31745860?
4
What is the ten thousands digit of 6258014?
5
What is the tens digit of 2091901?
0
What is the thousands digit of 38514?
8
What is the tens digit of 12906946?
4
What is the units digit of 838880?
0
What is the thousands digit of 347187?
7
What is the ten thousands digit of 2044998?
4
What is the ten thousands digit of 4479999?
7
What is the millions digit of 11207627?
1
What is the ten thousands digit of 122490?
2
What is the hundred thousands digit of 590317?
5
What is the ten thousands digit of 20927320?
2
What is the hundred thousands digit of 250294?
2
What is the units digit of 913445?
5
What is the thousands digit of 1808777?
8
What is the ten thousands digit of 469061?
6
What is the units digit of 145219?
9
What is the hundreds digit of 3610177?
1
What is the units digit of 374876?
6
What is the tens digit of 2498?
9
What is the tens digit of 3165551?
5
What is the units digit of 569313?
3
What is the tens digit of 2790951?
5
What is the hundred thousands digit of 202071?
2
What is the ten thousands digit of 227043?
2
What is the units digit of 1463594?
4
What is the hundreds digit of 1974039?
0
What is the units digit of 83475?
5
What is the tens digit of 5059017?
1
What is the units digit of 18458060?
0
What is the thousands digit of 1282408?
2
What is the hundred thousands digit of 188537?
1
What is the t